-335 - 3/(-9)*-3.
2, 41
Let z be 94/(-1) - (-4 - -1). Let a = z + 180. Suppose -21 = 2*c - a. What are the prime factors of c?
2, 17
Let g be (-6)/(-3)*-23*-4. Suppose 3*u + 198 = 5*r, 4*r + 4*u = -0*r + g. Suppose -r = -3*c + 156. List the prime factors of c.
2, 3, 11
Let q = -11 - -13. Suppose -3*l - q*h = -23, 2*l - 5*h + 2*h = 37. Let o(v) = 2*v + 7. List the prime factors of o(l).
29
Suppose 0 = -6*s + 21*s - 7650. List the prime factors of s.
2, 3, 5, 17
Let b(f) = -8*f - 13. Let d be b(7). Let g = 110 + d. Suppose 2*t + 2*i = -3*i + g, 0 = t - i - 31. What are the prime factors of t?
2, 7
Let a(t) = -t**2 - t - 1. Let b be a(-3). Let h be (-12)/b - 16/(-56). Suppose 36 = h*k - 24. List the prime factors of k.
2, 3, 5
Suppose 0 = 5*w + 2*v + 5, -1 = 4*w + 3*v + 10. List the prime factors of (w + -19)*(3 + -4).
2, 3
Let t(x) = 89*x + 674. List the prime factors of t(20).
2, 3, 409
What are the prime factors of 4/4 - (-23)/(115/5450)?
1091
Suppose 4 + 0 = 2*u. Suppose -5*r = -3*x - 0*x - 259, u*r - 114 = -4*x. List the prime factors of r.
53
Let j(t) = t**3 - 3*t - 2. Let c(o) be the second derivative of -o**4/12 - 3*o**3/2 + 3*o**2/2 + 5*o. Let g be c(-9). List the prime factors of j(g).
2
List the prime factors of 7/14 - (1274/(-4) + 1).
2, 3, 53
Let w = -2 - 1. Let z be (6 - w) + -2 + -3. Suppose -32 - 12 = -2*q + z*k, -5*k = 4*q - 88. List the prime factors of q.
2, 11
Let k(j) = -113*j - 11. What are the prime factors of k(-4)?
3, 7
Let c(b) = 2*b**2 + 11*b - 11. Let j be 18/(7/(14/(-4))). Let y be c(j). Let l = y - 23. What are the prime factors of l?
29
Let p = -1 - 49. Let s be 4/(-10) + (-170)/p. Suppose -4*h - 138 = -2*f, -f + 0*h + 64 = s*h. What are the prime factors of f?
67
Let y(j) = -2*j + 14. Let u be y(-4). Suppose -u*q = -26*q + 44. List the prime factors of q.
11
Suppose -7 = -3*s - 1. Suppose -5*n + 12 = -s*n - 5*p, p = 2*n - 8. Suppose 3*h + 5*c - 66 = -n, 3*h = 5*c + 82. What are the prime factors of h?
2, 3
Let s be ((-2)/(-3))/(2/(-24)). Suppose 0 = -7*h + 71*h + 3840. What are the prime factors of (-555)/h + 2/s?
3
Let a(x) be the third derivative of -x**6/120 + 13*x**5/60 + 5*x**4/24 - x**3 + 2*x**2. Let p be 5*2 - (8 + -11). List the prime factors of a(p).
59
Let p = 30 + -33. What are the prime factors of (-303)/(-6) - p/6?
3, 17
Let a = -3347 - -5155. What are the prime factors of a?
2, 113
Suppose 155 = 4*z - 5*z. Let n = 250 + z. What are the prime factors of n?
5, 19
Let z(j) = -j. Let l(h) = 2*h. Let d(p) = 4*l(p) + 11*z(p). Let k be d(-2). What are the prime factors of (k/12)/(1/54)?
3
Suppose 5*k - 2*w - 117 - 30 = 0, 5*k - 4*w = 139. Suppose -u = -k - 97. List the prime factors of u.
2
Let s = 215 - -432. List the prime factors of s.
647
List the prime factors of (24 - 27)*(-1 - 316).
3, 317
Let g = 465 - 202. Let o = g + -171. What are the prime factors of o?
2, 23
Let b(o) = -27*o - 5. Suppose 0 = -3*l + 6 + 3. Let p(g) = -27*g - 4. Let i(r) = l*p(r) - 2*b(r). List the prime factors of i(-1).
5
Suppose 113832 = 41*v - 38852. What are the prime factors of v?
2, 7, 19
Let v(s) = s + 8. Let g be v(-6). Suppose 0 = m + m - g. Suppose -m - 7 = -4*d. List the prime factors of d.
2
Let q = 1305 - 128. What are the prime factors of q?
11, 107
Let d = -445 + 901. List the prime factors of d.
2, 3, 19
List the prime factors of (-3000)/(-2) + -27 + 17 + 14.
2, 47
Let o = 2198 - 1043. What are the prime factors of o?
3, 5, 7, 11
Let h(t) = -t**3 + 6*t**2 + 4*t - 1. Suppose -30 + 6 = -4*x. What are the prime factors of h(x)?
23
Let j(i) = -134*i - 3. What are the prime factors of j(-2)?
5, 53
Suppose -5*s - 28*u = -30*u - 21556, 3*s - 3*u - 12930 = 0. What are the prime factors of s?
2, 7, 11
Let m = 1505 - 1005. List the prime factors of m.
2, 5
Let q(k) = k - 19. Let n be q(24). What are the prime factors of (-2)/n + (-30921)/(-165)?
11, 17
Let i = -276 + 478. What are the prime factors of i?
2, 101
Let q = 14 + -23. Let r = q - -14. Suppose -r*b + 4*b + 20 = 0. List the prime factors of b.
2, 5
Let y = 53 + 150. Let p = y + -80. Suppose -3*h + p = 36. What are the prime factors of h?
29
Suppose 26 + 259 = 5*s. Suppose s + 50 = i. What are the prime factors of i?
107
Let q(b) = b**3 + 5*b**2 - 10*b + 21. Let f be 4 - (1 - 1) - (-32)/32. List the prime factors of q(f).
13, 17
Let v = -25 + 39. Let r = 12 - v. List the prime factors of 9/((-5)/(-2) + r).
2, 3
Let w(q) = 2*q**2 + 10*q + 18. Let l be w(-10). Suppose 20*k - 19*k - l = 0. List the prime factors of k.
2, 59
Suppose 6*n = 7*n + 3. Let a be 1*n/(-3) - -1. Suppose i - a*d = 5*i - 28, -i = -2*d - 17. List the prime factors of i.
3
Suppose 0 = 8*h + 2*h - 120. Suppose p = 196 - h. List the prime factors of p.
2, 23
Suppose 2*k - 28 = -2*k. Suppose h + k*h - 352 = 0. What are the prime factors of h?
2, 11
Suppose 0 = -t - m + 5*m + 53, -190 = -5*t + 5*m. Let r = -6 - -9. Suppose 4*u = v + 37, -u + 2*v + t = -r*v. What are the prime factors of u?
2
Let w be (6 - 1) + (-6)/6. Let o = 42 - w. Suppose -p - p = -o. List the prime factors of p.
19
Let l be 2/4*(-1 - (3 - 4)). Suppose l = -9*c + 6*c + 933. List the prime factors of c.
311
Let c(h) = h**3 - 11*h**2 - 12*h + 2. Let f be c(12). What are the prime factors of (f - (-5 + -242)) + -3?
2, 3, 41
Let f = -205 - -115. Let l = f - -210. What are the prime factors of l?
2, 3, 5
Suppose 5*z + 1 = -4. What are the prime factors of 5/15 - (z + 520/(-6))?
2, 11
Let v be ((-3)/(-1) - 3)*1. Suppose 4*z - 4*f + 4 = v, 3*f = 3*z + f. Suppose -z*c + 5*c - 69 = 0. List the prime factors of c.
23
Let k be ((-9)/(-3) - 6) + 0 + 108. Let z = k - 66. List the prime factors of z.
3, 13
Let h(j) = j + 5. Let k be h(0). Suppose -5*n + w + 1 = 0, 6*w - w + k = 4*n. Suppose n = -4*o + 16, 2*b + o = -2*o + 100. What are the prime factors of b?
2, 11
Let c(k) = k**2 - 3*k + 10. Suppose -5*w - 1 = 14. Let n = 10 + w. What are the prime factors of c(n)?
2, 19
Suppose 21 = -17*v + 16*v. Let h = v - -37. What are the prime factors of (-27)/(-4) - (-4)/h?
7
Let h = -449 + 754. List the prime factors of h.
5, 61
Let o be (0 - 1)/((-10)/170). Let r = o - 11. Let i = r + 24. List the prime factors of i.
2, 3, 5
Let f = 143 + 109. What are the prime factors of f?
2, 3, 7
Let p(m) = 3 - m + 3 + 5 - 2. Let c = 32 - 27. List the prime factors of p(c).
2
Let h(d) = d**3 + 3*d**2 - 3*d + 1. Let v be h(1). Suppose 0 = -3*l + v*j + 291, -2*l + 5*l - 3*j = 294. List the prime factors of l.
5, 19
Let b(x) = -9*x - 2. Let q be b(-1). Let y(r) = -q*r + r + r + 0 - 3. What are the prime factors of y(-3)?
2, 3
Let j = 201 - 304. Let l(w) = -w**3 + 11*w**2 - 2*w + 4. Let t be l(9). Let g = j + t. List the prime factors of g.
3, 5
Let o be (-124)/28 - (-3)/7. Let f(z) = 3*z**2 + 2*z - 5. What are the prime factors of f(o)?
5, 7
Let a(p) = p**3 - 6*p**2 - 6*p - 4. Let k be a(7). Suppose -2*l = -10, k*d = l - 5*l + 308. What are the prime factors of d?
2, 3
Let v(r) = -r**2 - 8*r - 5. Let i be v(-7). Suppose 0 = -2*f - i*n + 10, -4*f + 5*n = 3*n - 2. What are the prime factors of 0/f + (2 - -26)?
2, 7
Suppose -2*w + 763 = -47. Suppose -5*d = -115 - w. Suppose 4*j + 3*x = -x + d, 0 = 2*x + 2. What are the prime factors of j?
3
Let h(f) = -10*f**2 + 23*f**2 + 17 + f - 9*f**2. List the prime factors of h(5).
2, 61
Let o(x) = x**2 - 8*x - 1. Let c = 7 - 0. Let n be o(c). List the prime factors of (n/12)/((-1)/39).
2, 13
Suppose 0 = -b + 5*v - 8, -9*v - 8 = -2*b - 11*v. List the prime factors of 108 + 1 + (1 - b).
2, 3
Suppose -2 - 2 = w. Let z = 4 + w. Suppose 2*s - 33 = -0*s + 3*y, -s - y + 4 = z. What are the prime factors of s?
3
Let m be -6 + (1 - -2) - -14. List the prime factors of (-2)/m - (-387)/11.
5, 7
Let s = -33 + 65. Suppose -5*u + 73 + s = 0. List the prime factors of u.
3, 7
Let k = -13 + 31. Let d = k - 16. Suppose -g = -2*f + 17, -3*f - 2*f = d*g - 65. What are the prime factors of f?
11
Let z(a) = 2*a + 12. Let h be z(0). Suppose 2*j = 5*t - 39, j + h = 2*t - j. List the prime factors of t.
3
Suppose 9*v + 10*v - 3287 = 0. What are the prime factors of v?
173
Let c = 2433 + -1672. List the prime factors of c.
761
Suppose 2*m + 3*q - 2 + 1 = 0, 0 = m + 2*q. Suppose 5*c - 57 + 23 = -a, 0 = m*a + 5*c - 63. List the prime factors of a.
29
Wha